d(m) + 2*q(m). What is the remainder when 3 is divided by w(-5)?
0
Let h be ((-66)/5)/((-3)/(-10)). Let b = h - -81. Let g = -21 + b. What is the remainder when 46 is divided by g?
14
Let j(v) = 15*v + 0 - 10*v - 9. Calculate the remainder when 62 is divided by j(6).
20
Let j be ((-14)/(-4))/1*2. Let h = 10 - j. Calculate the remainder when 3 is divided by h.
0
Suppose -2*w = 3*i - 73, 3*i + 4*w + 0*w = 77. Let x = i - 11. What is the remainder when 45 is divided by x?
9
Suppose -4*p = -5*f - 67, -4*p + 0*f + 2*f = -82. Suppose 0*u - u = 3*q + 10, -u = q. Calculate the remainder when p is divided by 4/10 + 58/u.
11
Suppose 29 = -5*i + 109. What is the remainder when 62 is divided by i?
14
Suppose p + 76 = 4*t, -3 = p + 1. Calculate the remainder when 52 is divided by t.
16
Let x = 80 + -49. What is the remainder when x is divided by 16?
15
Let i(y) = 54*y - 1. Suppose -3*t - 12 = 3*d, -3*t = -7*t + 2*d + 14. Calculate the remainder when i(t) is divided by 14.
11
Let h(o) = 46*o**2 + o. What is the remainder when h(1) is divided by 3 - 2*(-13)/2?
15
Suppose 5*i + 4*x - 233 = 0, 71 + 61 = 3*i + 5*x. Calculate the remainder when i is divided by 13.
10
Suppose 130 = 5*c - 230. Suppose 2*g + 4*l = 54, 3*g + 3*l = 108 - 30. Calculate the remainder when c is divided by g.
22
Let k(g) = -g**3 - 2*g**2 - 4*g - 6. Let s(a) = 2*a**2 - 8*a - 9. What is the remainder when k(-4) is divided by s(6)?
12
Let p(g) = g**2 + 5*g + 7. Calculate the remainder when 12 is divided by p(-5).
5
Let o(z) = -8*z - 4. What is the remainder when o(-6) is divided by 12?
8
Suppose 5*f + 15 = 60. Calculate the remainder when 2*(2 + -4) - -29 is divided by f.
7
Suppose 6*k - 234 = -12*k. What is the remainder when 32 is divided by k?
6
Let o(z) = 8*z + 6. What is the remainder when 63 is divided by o(2)?
19
Let w = -28 + 37. Suppose 3*f + 2 - 8 = 0. Suppose 2*v - f = 8. What is the remainder when w is divided by v?
4
Suppose 2 = -6*a + 7*a. What is the remainder when 6 is divided by a?
0
Suppose -5*s + 199 = -336. Suppose -2*t = -3*t - 1, -c + 5*t = -32. Calculate the remainder when s is divided by c.
26
Let g = -16 - -69. Let d(n) = n - 6. What is the remainder when g is divided by d(20)?
11
Suppose 59 = 2*o - 67. Calculate the remainder when o is divided by 34.
29
Suppose 8 = -6*c + 2*c, -14 = -5*v + 2*c. Suppose -3*f = -5*m - 0*m - 16, -f = -3*m - 8. Calculate the remainder when f is divided by v.
0
Let z(j) = j**2 - 2*j + 1. Let x be z(3). Let d(l) = 2 - 2*l + 4 - x. Calculate the remainder when 14 is divided by d(-3).
6
Let b(z) = 4*z**2 - z + 2. Let h(y) = 3*y**2 - 2*y + 3. Let t(u) = 3*b(u) - 2*h(u). What is the remainder when (-405)/10*(-2)/3 is divided by t(1)?
6
Let s = 46 - 33. What is the remainder when 25 is divided by s?
12
Let r = -18 + 32. Calculate the remainder when 52 + 0 + 2 + 0 is divided by r.
12
Let y(k) = k**3 - 5*k**2 + 4*k. Let i be y(4). Suppose i = n + 2 - 36. Suppose 0 = f + 3*f - 48. Calculate the remainder when n is divided by f.
10
Let p = 2 + 49. Calculate the remainder when p is divided by 20.
11
Suppose 3 = 4*s - 9. Calculate the remainder when 5 is divided by s.
2
Let x = -6 - 9. Calculate the remainder when 24 is divided by -1 - (x - (-1)/1).
11
Suppose 4*j - 5*l = -l + 100, -l = -4*j + 91. Calculate the remainder when j is divided by 6.
4
Let q(r) = r**3 + 2*r**2 + 6*r**2 - 2*r + 4*r - 3. Let n be q(-3). Suppose n = 2*v + v. What is the remainder when v is divided by 7?
5
Suppose 0 = -5*l - 0*l + 105. What is the remainder when l is divided by 8?
5
Let x(m) = -m**2 + 6*m - 4. What is the remainder when x(4) is divided by 3?
1
Suppose -z + 53 = 10. Suppose 9*t - 77 = 22. What is the remainder when z is divided by t?
10
Let z(r) = 2*r - 1. Let w = 1 + 0. Let u(m) = m**3 + m**2 - m + 1. Calculate the remainder when u(0) is divided by z(w).
0
Let b = -7 - -5. Let r be 8/(-10)*(-25)/b. Let a = 14 + r. What is the remainder when 6 is divided by a?
2
Suppose 51 = 4*x - 13. Calculate the remainder when x is divided by 3.
1
Let c be (-194)/7 + (-4)/14. Let l = 50 + c. Suppose 46 = 5*v - 14. Calculate the remainder when l is divided by v.
10
Suppose 0 = -x + 2*o + 26, 5*x + 0*x + 4*o - 74 = 0. Let g = -3 + 6. Suppose 2*t = 2, -5*t + 108 = g*j - 56. Calculate the remainder when j is divided by x.
17
Let q(p) = -p - 1. Suppose -5*d + 132 = -2*d. What is the remainder when d is divided by q(-10)?
8
Suppose -n = -3*l + 4*n + 29, -27 = -5*l + 3*n. Let q(c) = -3*c - c + l - 2*c - c**2 - 5. Calculate the remainder when 12 is divided by q(-3).
5
Suppose 5*p - 11 = 9. Let m = 7 - p. Suppose m*x = 4*k - 72, -36 - 8 = -4*k - 4*x. Calculate the remainder when k is divided by 8.
7
Suppose 0*w - 5*w = 0. Let f = 3 - w. Suppose -6*p + f*p + 27 = 0. Calculate the remainder when 17 is divided by p.
8
Let p(i) = -i**2 + 12*i + 14. Calculate the remainder when p(6) is divided by 13.
11
Let g(w) = w**2 + w + 1. Let l be g(-3). Suppose 0 = -4*u - l*z + 2*z + 41, -5*u = -z - 15. Calculate the remainder when 7 is divided by (18/(-12))/((-2)/u).
1
Let s = 97 + -81. What is the remainder when s is divided by 5?
1
Let u = 11 + 23. Suppose 3*b = -2*i + 4*b - 38, 5*i + 92 = b. Calculate the remainder when u is divided by i*(-1 - (1 - 1)).
16
Let d(w) = w**3 - 10*w**2 - 27*w + 39. Suppose -14 = a - 4*l, -22 = -5*a + l - 4*l. Calculate the remainder when d(12) is divided by a.
1
Let x(h) be the second derivative of 17*h**3/6 - 3*h**2 + h. What is the remainder when x(3) is divided by 24?
21
Let s be 1/2 + 10/(-4). Let f be (1 + s)*0/1. What is the remainder when 3 is divided by f/(-1) + (-8)/(-4)?
1
Let y(q) = -q + 8. Let k be y(5). Suppose -k*b + t + 34 = 0, -4*b + 0*t + 56 = -4*t. Calculate the remainder when 344/9 + (-4)/18 is divided by b.
8
Let x(n) = 20*n - 34. What is the remainder when x(4) is divided by 12?
10
Let i = -29 + 49. Suppose -3*f - 4*d + 117 = 0, 4*d = -2*f + 2*d + 78. Calculate the remainder when f is divided by i.
19
Suppose -10*v = -956 - 104. Calculate the remainder when v is divided by 28.
22
Let o(p) = -7*p + 0*p**2 - 2*p**2 + p**2 + 4. Suppose -3*j - 79 = -94. What is the remainder when o(-5) is divided by j?
4
What is the remainder when 4 is divided by (4/8)/((-1)/(-4))?
0
Suppose -2*z = -5*c - 81, -25 = 2*c + 3*c. Suppose -2*a = 2*a - z. What is the remainder when a is divided by 3?
1
Let r(c) = -c + 7. Suppose 3*g + 36 = -g + 4*d, -21 = g - 4*d. Let a be r(g). Suppose -2*z - 2*z = -a. Calculate the remainder when 5 is divided by z.
2
Let m(n) = -n**3 - 14*n + 21*n + n**2 + 7 - 6*n**2. Calculate the remainder when m(-6) is divided by 1.
0
Let v = 31 + -21. Let p(c) be the second derivative of c**4/12 + 7*c**3/6 - 6*c**2 - c. Calculate the remainder when v is divided by p(-9).
4
Let q = -4 - -9. Let u(b) = b**2 - 4*b - 3. Calculate the remainder when u(q) is divided by ((-2)/3)/((-10)/15).
0
Let w = -2 - -45. Calculate the remainder when w is divided by 15.
13
Suppose 0 = -2*i - 4. Suppose 2*a + 4*m - 20 = 0, -5*a - 4*m = -7*m + 2. What is the remainder when a is divided by i*(-1 - (-1)/2)?
0
Suppose 0 = -4*x - 3*y + 1 + 18, 4*x + 2*y = 18. Let c(h) = 5 - 5 - 7 - 2*h. What is the remainder when x is divided by c(-5)?
1
Let y(i) = -4*i - 3. Calculate the remainder when 12 is divided by y(-2).
2
Let p = -15 + 23. What is the remainder when p is divided by 1/4*(-3 + 3 + 12)?
2
Suppose -5*z = -3*x + 4*x - 80, 4*x = 0. Suppose -z - 10 = -2*t. Calculate the remainder when 38 is divided by t.
12
Suppose -2*d = -p - 21, 3*d - p - 9 = 2*d. What is the remainder when -2 + (-4)/(-4) - -3*12 is divided by 147/d + 2/(-8)?
11
Let y(o) = 6*o - 18. Let k(n) = -7*n + 19. Let j(s) = -5*k(s) - 6*y(s). Let g be j(10). What is the remainder when 2/1 - (-159)/g is divided by 19?
17
Let s = 13 - 6. What is the remainder when (-18)/(2 - 14/4) is divided by s?
5
Let b = 4 + -35. Let j = -19 - b. Calculate the remainder when (1 - -20) + 6/6 is divided by j.
10
Let c(f) = f**2 + 13*f - 35. Calculate the remainder when c(-16) is divided by 4.
1
Suppose -4*i + 24 = -0*i. Calculate the remainder when 7 is divided by i.
1
Let l(i) = i**2 + i - 2. Let r be l(0). Suppose a = -8 + 17. What is the remainder when 1/(1*r)*-50 is divided by a?
7
Suppose 0*j + 4*j = 36. Let m = -59 - -